, 5, 19
Let g = 10115 + -5030. What are the prime factors of g?
3, 5, 113
Let y be (5/(-4))/(((-10)/288)/5). List the prime factors of -1 + (-3070)/(-3)*y/100.
7, 263
Let h = 377 + -324. Suppose 60*l - 4977 = h*l. List the prime factors of l.
3, 79
Let g(c) = c**3 + 7*c**2 - 17. Let s be g(-8). Let w be (-1)/18*-4 + (-549)/s. Suppose -5*i + 1281 = 4*o, -3*i + w*i - 1020 = -2*o. List the prime factors of i.
11, 23
Let w(d) = -126 + 49 - 132 - 169 - 175*d - 87. What are the prime factors of w(-8)?
5, 11, 17
Suppose 2*a = -2*a - 5*h - 52, a - 2*h = 0. What are the prime factors of 1147 + 1 - (a - -17)?
17, 67
Suppose 153*x + 152917 = 1654612. List the prime factors of x.
5, 13, 151
Let l be 24/108 + (-79)/(-9). Let i(m) = 2*m**2 - 3*m + 5. Let v be i(l). Let h = v + -69. What are the prime factors of h?
71
Let w = -4061 + 6618. List the prime factors of w.
2557
Let o(q) = q**3 + 6*q**2 + 4*q + 4. Let x = 91 - 86. What are the prime factors of o(x)?
13, 23
Let t = 534 - 990. Let z = t - -655. What are the prime factors of z?
199
Let w = -138 + 128. Let p(c) = -23*c + 19. What are the prime factors of p(w)?
3, 83
Let w = -26769 - -47925. List the prime factors of w.
2, 3, 41, 43
Let w(b) = b**3 + 33*b**2 + 33*b + 52. Let a(j) = 2*j**3 + 66*j**2 + 67*j + 103. Let p(d) = 4*a(d) - 9*w(d). List the prime factors of p(-33).
17, 53
Suppose -5*q - 2306 = -2*h, -7*q + 3*q - h = 1837. Let b be q/69*(-6)/4. List the prime factors of (b + -1)/((-10)/(-90)).
3
Suppose 0 = -2*g + 8, 3*i - 35150 = 75*g - 71*g. Suppose -17534 = -23*w + i. What are the prime factors of w?
2, 3, 53
Let v = -9436 - -55031. List the prime factors of v.
5, 11, 829
List the prime factors of ((-12)/(-5))/((-47)/(-65330)).
2, 3, 139
Suppose -2*x - 1429 - 1177 = 5*t, -2*x + 4 = 0. Let k = -10715 + 10695. List the prime factors of t/(-6) - k/5.
7, 13
Suppose -2*c = -j + 2*j + 16, -2*c - 64 = 3*j. Let d = j + 56. Suppose -x = -4*y - 176 + d, 5*y = 3*x - 439. List the prime factors of x.
2, 37
Let k(g) = -g**3 - 12*g**2 + 13*g + 23. Let c be k(-13). Suppose c*v - 1422 = 20*v. List the prime factors of v.
2, 3, 79
Let j(n) = -8*n - 9. Let o be j(-6). Let r be (o/(-26))/(6/(-8)). Suppose -q + 5*y - 69 = -r*q, -q - 3*y + 79 = 0. List the prime factors of q.
2, 47
Let x(k) = 206*k - 143. Let n be x(7). Let d = -469 + n. List the prime factors of d.
2, 5, 83
Let m = -190 - -265. List the prime factors of 5*2/m + (-11038)/(-15).
2, 23
Suppose -2*q = 7*q. Suppose q = -2*b + 187 - 11. Let x = 163 - b. List the prime factors of x.
3, 5
Let z(x) = 7*x**3 - 4*x**2 - 4*x - 10. Let k be z(4). Suppose k*r + 98 = 360*r. List the prime factors of r.
7
Suppose 0 = -13*f + 5*f + 752. Let k = f + -98. Let d(w) = -2*w**3 - 7*w**2 - 4*w - 10. What are the prime factors of d(k)?
2, 11
Suppose -3*y = 125*y + 48*y - 1156848. What are the prime factors of y?
3, 7, 313
List the prime factors of (1508/(-464)*(-5296)/(2/(-2)))/(-2).
2, 13, 331
Let k(d) = -981*d - 8. Let m be k(-1). Suppose -5*z - m = -4*j + 2*j, 2*z - 2447 = -5*j. What are the prime factors of j?
3, 163
Let o(r) be the second derivative of r**5/20 + 5*r**4/3 + 29*r**3/6 + 35*r**2/2 + 118*r. List the prime factors of o(-16).
5, 7, 17
Let t be 4400/(-208) - 4/(-26). Let g be 4/(-14) - (6/t + 2). What are the prime factors of -5*10/4*g?
5
Let r(j) = j + 9. Let c be r(-4). Suppose -c*k = -k - 128. Suppose -5*w - k + 467 = 0. List the prime factors of w.
3, 29
Suppose 18*f - 15*f - 28254 = 8493. List the prime factors of f.
3, 1361
Suppose -598*t = -597*t - 4*k - 365, -3*t + 5*k + 1123 = 0. List the prime factors of t.
3, 127
Suppose -16 = -24*r + 26*r - 4*b, -2*b + 62 = -4*r. What are the prime factors of (16 + -1)/((-1)/r)?
2, 3, 5
Suppose t - 9966 = -g, 0 = -2*t - g + 29526 - 9600. What are the prime factors of t?
2, 3, 5, 83
Let y(p) be the second derivative of 7*p - 9*p**2 + 1/3*p**3 + 0. List the prime factors of y(13).
2
Suppose -2*r = 56*r - 77952. Suppose 57*j - 55*j = r. List the prime factors of j.
2, 3, 7
Suppose -20871 = -m - 4*k + 6*k, 0 = 2*m + k - 41732. List the prime factors of m.
7, 11, 271
Let r(j) = -j + 26. Let s be r(9). Let n(f) = 4 - s*f**2 + f**2 - 2*f + 39*f**2. List the prime factors of n(-2).
2, 5
Let c(w) be the second derivative of 1/6*w**4 + w + 0 - 3/2*w**2 + 1/6*w**3 + 1/20*w**5. List the prime factors of c(4).
97
Let z(b) = 217*b**3 + 13*b**2 + 9*b - 14. What are the prime factors of z(3)?
53, 113
Let k = 6635 - -66962. List the prime factors of k.
73597
Let i(t) = -3*t**2 + 7*t - 4. Let g be i(3). Let h = -20 - g. Let c(v) = -v**3 - 8*v**2 + 6*v + 18. List the prime factors of c(h).
2, 79
Let q(n) = 2153*n**2 + 8*n - 99. What are the prime factors of q(3)?
2, 3, 3217
Suppose 25*b = 13*b + 56*b - 34892. What are the prime factors of b?
13, 61
Let k(g) = -1384*g - 4877. What are the prime factors of k(-24)?
17, 1667
Suppose -8*x + 60 = 2*x. Suppose 0 = -6*d + 4*d + x. Suppose 3*r = -d*l + 195, 2*l - l - 3*r - 57 = 0. List the prime factors of l.
3, 7
Let c be ((-22)/(-3))/(18/4401). Suppose c = 5*r - 0*i - i, 3*r + 5*i = 1059. List the prime factors of r.
2, 179
Suppose -12*o + 33 = -o. Suppose -19 = -3*r - a - o, -28 = -4*r + 2*a. Suppose -r*b = -9*b + 141. List the prime factors of b.
47
Suppose 0 = -8*n + 6477 + 1283. Suppose -167*m = -165*m - n. List the prime factors of m.
5, 97
What are the prime factors of 1 + -14 + 51 + -31 - -55424?
3, 2053
Suppose -2*l = -5*o + 9, 8*l - 2*o - 54 = 12*l. Let h(y) = y**3 + 13*y**2 - 8*y + 27. What are the prime factors of h(l)?
3, 89
Let s = 54857 + -37934. What are the prime factors of s?
3, 5641
Let s(r) = -r**3 + 4. Let l be s(2). Let d be 1*156/4 - l. Let b = d - 40. What are the prime factors of b?
3
Let x(s) = -s - 13. Let r be x(-7). Let d be (-2 - -2)*-2*(-3)/r. Suppose -2*w = a - 205, 0 = -4*w - d*a + a + 419. What are the prime factors of w?
2, 13
List the prime factors of -5 - (42624/(-10) - 68/(-170)).
3, 11, 43
Let f be -2*(-3)/6 - 43. Let z = 37 + f. List the prime factors of ((-18)/(-30) + (-742)/z)/1.
149
Let w(x) = -x**3 + 8*x**2 + 2*x - 9. Let s be w(8). Suppose -9 = -s*n + 4*n. Suppose -t + 24 = n*p - 4, 5*p - 44 = -3*t. What are the prime factors of p?
2, 5
Suppose -29*t = -34*t. Let c be 55*(-2 - t) + (-2 - -3). Let i = 208 + c. What are the prime factors of i?
3, 11
What are the prime factors of -22183*(2 + (-60)/14 + 2)?
2, 3169
Let m = -590 + 647. Suppose 0 = -m*q + 47*q + 16830. What are the prime factors of q?
3, 11, 17
Suppose 7*m - 2*z + 13132 = 9*m, m - 6*z = 6573. What are the prime factors of m?
3, 11, 199
Suppose 19*u = 28*u - 13752. Suppose u - 4380 = -23*c. What are the prime factors of c?
2, 31
Let o(n) = 13*n**2 + 15*n + 663. What are the prime factors of o(-28)?
5, 2087
What are the prime factors of (4/(-2))/(-2) + ((-16969400)/23)/(-56)?
2, 3, 61
Let s(h) = 4*h - 19 - 7 - 6*h. Let o be s(-7). What are the prime factors of 19/((3/o)/((-3)/4))?
3, 19
Let n = 562 + -552. Suppose n*b - 18*b + 992 = 0. List the prime factors of b.
2, 31
Let b(p) = 229*p + 99. Let c be b(7). What are the prime factors of ((-51)/(-34))/(3/c)?
23, 37
What are the prime factors of 19372/(-29)*((-1)/2)/(2/136)?
2, 17, 167
Let i = 16 - 50. Let t = -42 - i. Let d = 189 + t. List the prime factors of d.
181
Let w(u) = -11*u**2 - 2*u + 7. Let v be w(-5). Let t(k) = -k**3 + 96*k**2 + 1301*k - 91. Let i be t(108). Let g = i + v. What are the prime factors of g?
191
Let y = 33 + -38. Let l(p) = -2*p**3 - 2*p**2 + 17*p + 4. Let q be l(y). Suppose -4*u + q + 257 = 0. List the prime factors of u.
2, 47
Suppose 97*i = -56*i + 461448. What are the prime factors of i?
2, 13, 29
Suppose 79635 + 61748 = 11*r. Suppose -30*w = -r - 15467. What are the prime factors of w?
2, 59
Suppose 18406 = 2*d - 5*h, -80*d + 83*d + 5*h = 27609. List the prime factors of d.
9203
Let v = -29 + 23. Let j(a) = -a**3 - 7*a**2 - 6*a - 10. Let r be j(v). List the prime factors of 64 - (r - -2)/4.
2, 3, 11
Suppose 0 = -52*w + 64*w - 180. Suppose 4*v - 5*v + w = 0. What are the prime factors of v?
3, 5
Let z = -254 - -386. Suppose 0 = 4*h - 3128 + z. List the prime factors of h.
7, 107
Let o be 90/9 - 4/1. Suppose 31*j - 21025 = o*j. What are the prime factors of j?
29
Let t = 122329 - 72280. What are the 